Is (-13)/((-258)/l + v) composite?
True
Suppose -2*i + 998696 - 245112 = -3*t, -i - 5*t + 376753 = 0. Is i a prime number?
False
Suppose -3*f + 4*p = -6660769, 5*p - 307 = -282. Is f a prime number?
True
Suppose 8*g + 48 = 16*g. Suppose -3*l + g*l - 252 = 5*m, -4*l + 307 = 3*m. Is l composite?
False
Let k be (82/(-6) - 3)/((-3)/2412). Let m = -7821 + k. Is m composite?
True
Let g(i) = -4*i + 8*i**2 + 2*i + i**3 + 3*i + 2*i**2 + 12. Let o be g(-10). Is (-4)/8*-79*4/o a composite number?
False
Let c(u) = -563*u + 65. Suppose 2*j + 5*s = s - 8, 0 = -3*j - s - 12. Is c(j) a composite number?
True
Let r(n) = 17*n**2 + 14*n - 16. Suppose 0 = 4*k + 72 - 20. Let a = -20 - k. Is r(a) a composite number?
False
Let d = 2999603 + -1614982. Is d a composite number?
True
Suppose 0 = 5*m + 3*r - 161910, -3*r - 64764 = -2*m - 0*r. Suppose 21588 = -4*h + 6*h - 5*v, -3*h + 2*v = -m. Is h/3 + (-3 - -6) prime?
False
Suppose 4*g = -4*m - 58 - 66, 3*m - 3*g = -123. Let n = -30 - m. Suppose -5*f + 7033 = -3*a, 5*f + n*a - 7061 = 2*a. Is f a composite number?
False
Suppose 9328 = 4*y - 4*f, 4*y - f = 2*f + 9328. Suppose 4*g - y = -o, -4*g - 2*o = 2*o - 2332. Is g a composite number?
True
Suppose -1050*o + 1052*o - 1096393 = -3*b, -o = -b - 548204. Is o prime?
True
Let p be -1*1916*(-47)/188. Let s = 3140 - p. Is s a composite number?
True
Let g(a) = 8476*a - 49. Let p(n) = 16950*n - 98. Let d(o) = 5*g(o) - 2*p(o). Is d(4) prime?
True
Let w(k) = -7*k**3 + 6*k**2 - 11*k - 3. Let z(u) = 15*u**3 - 11*u**2 + 22*u + 7. Let j(v) = 13*w(v) + 6*z(v). Let r be j(11). Is 148 - -1*(-2)/(-6)*r composite?
False
Let g(r) = -r + 3. Let v be g(-1). Let i be (0 + v + -2)*27. Let c = 85 + i. Is c composite?
False
Let d(w) = -w**3 + 11*w**2 + 13*w + 12. Let y be d(12). Suppose 13*j = 16*j + y. Let i(x) = 9*x**2 + 6*x - 29. Is i(j) a prime number?
True
Let s be (-40)/(-15) + (-8)/12 - -25487. Suppose 10 = 2*f, 2*f = -3*p + s + 4134. Is p a prime number?
True
Let x = -39082 - -74343. Is x composite?
True
Let q(h) = 8*h - 15*h**2 + 6*h - 2 + 3 + h**3 + 1. Let m be q(14). Suppose -3*r = m*a - 2840, -2*r + 1208 = a - 211. Is a a composite number?
False
Suppose 3385*z = 3395*z - 1397670. Is z prime?
False
Let h(v) = -v - 17. Let m be h(-16). Let g(d) = -2339*d**2 + 1. Let a be g(m). Let j = -1587 - a. Is j prime?
True
Is (0 - (0 - 3253342)) + (13 - 9) - 1 a prime number?
False
Suppose 3*v - 2*h + 3674 = 19119, -5*h = 2*v - 10284. Is v a composite number?
False
Let q(s) = 1749*s**2 + 143*s - 1097. Is q(9) composite?
True
Suppose -3*n - 195 + 549 = 0. Suppose i = -2*z - 2*i + 231, z = -4*i + n. Suppose 0*t + z = 3*t. Is t composite?
True
Suppose 2*s + 3*p - 24 = 0, 5*s + 70 = 10*s + 5*p. Suppose -7*g + s*g + 22 = 0. Is (g*11/(-4))/((-2)/(-92)) a prime number?
False
Let l = 9499 - 3786. Let w = 1881 + l. Is w prime?
False
Let i(r) = 17 + 2 - 25*r - 16*r - 10. Is i(-10) a composite number?
False
Suppose s + 248 = 254. Is 14962 + s + 15/(-3) prime?
False
Let x be (-4)/(-6) + 7 + 348/18. Suppose x = -3*g + 4*g + 2*v, 5*g + 3*v - 121 = 0. Is g a composite number?
False
Let t(h) = -3065*h - 5232. Is t(-85) composite?
True
Let n = 76 + -73. Suppose 4*z = 3 - n. Suppose z = -12*s - 507 + 1539. Is s a composite number?
True
Suppose 25*m - 5713615 = -m + 3656551. Is m composite?
False
Suppose 11453 = 2*q - 0*g + 3*g, q + g = 5725. Suppose -4*p = 4*k - q + 1118, 3*k - 2302 = -2*p. Is p a prime number?
True
Is (2/5)/(6/380235) a prime number?
True
Let g(q) = 5*q**3 - 24*q**2 + 14*q - 62. Suppose -7 = x + 4*d - 34, -4*d = -3*x + 49. Is g(x) a prime number?
False
Let v(h) = 62825*h + 1929. Is v(4) composite?
False
Let p = -265681 + 404288. Is p a composite number?
True
Let q(y) = -92*y - 22. Let v(h) = 91*h + 22. Let b = -41 + 45. Let s(u) = b*v(u) + 5*q(u). Is s(-5) a composite number?
True
Let s(y) = -4*y**2 - 6*y - 26. Suppose w + 3*w - 26 = 2*n, -4*n = -2*w + 34. Let f(u) = u**2 + 2*u + 9. Let b(a) = n*f(a) - 2*s(a). Is b(-14) a prime number?
False
Suppose -3*u = -4*d + 1549606, -4*u + 152241 = -4*d + 1701853. Is d a prime number?
True
Is 147/196 + 1/((-8)/(-114962)) a composite number?
True
Let b = 98 + -50. Suppose -b*d = -52*d + 8004. Suppose 14*v - 11*v = d. Is v prime?
False
Suppose 5*s = -4*r - 6, 0 = -3*r - 0*r + 5*s - 22. Let n be (2 - 3) + r + 9570. Suppose 30*x - n = 25*x. Is x prime?
True
Let p = 103440 + -16517. Is p a prime number?
True
Let o = 263 + -261. Suppose -2*r + 3*r - 8811 = 4*f, -2*r = -o*f - 17610. Is r composite?
False
Let f(m) = -3 - 6*m**2 - 8 - 4412*m**3 + 12 - m - 7*m + 2*m. Is f(-1) a composite number?
True
Is -2*(-23 + -100778 - -12 - -2*1) a composite number?
True
Let n = -5542 + 11885. Is n a prime number?
True
Suppose -3736*j = -3*p - 3735*j + 222362, -3*p = -3*j - 222348. Is p a prime number?
False
Let d(m) = -m**2 - 17*m - 26. Let r be d(-15). Suppose 5*s - 15 = r*k - 10, -4*s - 4*k - 32 = 0. Let i(l) = -27*l**3 - 2*l**2 + l - 7. Is i(s) prime?
True
Let q(x) = 2*x**2 + 34*x + 2. Let j be q(-17). Suppose 0 = j*p - 17228 + 5826. Is p prime?
True
Let j be 28243*(-3)/(-15) - (-6)/15. Let l = 8248 - j. Is l a composite number?
True
Suppose -27 = -6*t - 9. Suppose 0 = 2*r + 2*r - t*f - 5593, -7000 = -5*r - 5*f. Is r composite?
False
Suppose -4*t + 4722 = 426. Let m = 945 + t. Suppose -3*c - u + 1991 = -5*u, 3*c + 3*u = m. Is c prime?
False
Let y be -1 - (-1 + 1 + -3). Suppose 3*n - 3 = y*n, p + 15 = 4*n. Is ((-5598)/15)/(p*6/45) a composite number?
True
Let g = -471822 - -746385. Suppose -g + 34423 = -20*d. Is d prime?
True
Let f(n) = -88*n**3 + 9*n**2 - n - 23. Let x(o) = -10*o - 56. Let r be x(-5). Is f(r) a composite number?
True
Is (812/(-174))/(((-4)/(-3))/(100066/(-1))) composite?
True
Is (36 + 4953)/((-9)/(-2667)) + 6 composite?
False
Suppose -20*g + 78*g - 2181988 - 4718098 = 0. Is g a prime number?
True
Suppose -6444 + 38861 = -11*f. Let s = 5034 - f. Is s a composite number?
True
Suppose -1193353 + 4350948 = 5*h. Is h a composite number?
True
Suppose 0 = -4*k + 4*i + 2768, k + 2*i = -k + 1392. Suppose j + 2*x = 2*j - 347, -2*j = -5*x - k. Is j prime?
True
Let r(k) = -k**3 - 11*k**2 + 2*k - 6. Let f be r(-12). Let v = f + -72. Let g = v - -16. Is g a composite number?
True
Suppose 32*k = -46*k + 820482. Is k a prime number?
False
Let z = 55 - 52. Let c(x) = 109*x + 11. Let p be c(z). Let k = p + 549. Is k composite?
False
Let m = 1763 + 1477. Let d = m - 1697. Is d prime?
True
Suppose 3*l + 19*r - 32 = 14*r, -4*l = -2*r - 8. Suppose 2248 = s - 0*o - 5*o, 0 = l*o - 8. Is s a prime number?
False
Suppose 2*x - 8*n + 14 = -4*n, 0 = -4*x + 2*n + 2. Suppose -q + 3*q + 2*g = 3776, 4*q + g - 7549 = 0. Suppose -6*i + q = -x*i. Is i composite?
True
Let r be (-8 + 2)/(-3) - (-2 + 1). Suppose -26*g = -25*g, 0 = d - r*g - 4091. Is d a prime number?
True
Let l be (-4)/8 - (-33)/6. Suppose y + 6030 = -l*y. Let i = y + 2566. Is i prime?
False
Let l(u) = u**2 - 10*u - 11. Let n be l(11). Suppose c = -n*c - 66. Let k = c + 357. Is k a composite number?
True
Let d = -17 - -33. Let c(m) be the second derivative of 67*m**3/6 + 27*m**2 + 40*m - 2. Is c(d) prime?
False
Suppose -2*o + 210 = -150. Suppose 5*k + p = 738, -309 = k - 3*k - 5*p. Let m = o + k. Is m composite?
True
Let f(o) = 24*o**2 - 2*o + 17. Suppose 4*u + v + 3 = 2*v, 0 = 2*u + 3*v - 9. Let q(a) = -7*a - 10. Let r be q(u). Is f(r) prime?
True
Suppose -2*b + 4*v = -7*b - 47, -4*v + 16 = -4*b. Is -256*(-1 + b) + -1 prime?
False
Suppose -2*k - 5 = -3*k. Let d be (-4)/(-20) + (-18)/(-10) + -2. Is 5740/k - (-3 + d) a composite number?
False
Suppose 384*t - 385*t = 0. Let y = 4 + -2. Suppose y*s - s - 235 = t. Is s composite?
True
Suppose 710953 + 1688861 = 54*k. Is k composite?
True
Is ((-9)/((-90)/337505))/((-9)/(-18)) a composite number?
True
Let z(i) = 2*i**3 - 9*i**2 - 17*i - 4. Let w be z(6). Is 18 + -13 + (w + 4)*763 a composite number?
False
Let a = 1160 + -373. Let b(z) = -6*z - 26. Let y be b(-5). Suppose y*d - 793 = h, -2*d - 3*h - a = -6*d. Is d a composite number?
False
Let t(g) = -8*g - 113. Let w(f) = -4*f - 57. Let v(r) = 2*t(r) - 5*w(r). Is v(18) a composite number?
False
Is (-4132293)/(-11) + -5 + -15 a composite number?
False
Let m be (-100840)/(-5)*(-6)/(-4). Is (75/18 + -4)/(2/m) prime?
True
Let g(s) = 30